?
True
Is 58 a factor of 126614?
True
Does 75 divide 68175?
True
Is 8 a factor of 1669481?
False
Is 16 a factor of 4275072?
True
Does 41 divide 120216?
False
Is 8738210 a multiple of 130?
True
Is 422824 a multiple of 136?
True
Does 622 divide 1874147?
False
Is 20 a factor of 1322?
False
Is 538547 a multiple of 6?
False
Does 14 divide 370818?
True
Does 24 divide 699240?
True
Is 5688786 a multiple of 159?
False
Does 69 divide 104421?
False
Is 10 a factor of 516186?
False
Does 477 divide 163269?
False
Is 156 a factor of 5361671?
False
Is 87885 a multiple of 135?
True
Does 344 divide 1105397?
False
Is 709 a factor of 300616?
True
Is 16 a factor of 37342?
False
Is 2 a factor of 2986?
True
Is 5195720 a multiple of 143?
False
Does 42 divide 388710?
True
Is 4 a factor of 644844?
True
Is 28 a factor of 390974?
False
Does 155 divide 8989541?
False
Is 149436 a multiple of 42?
True
Is 503662 a multiple of 423?
False
Is 1013265 a multiple of 15?
True
Does 4 divide 50020?
True
Does 83 divide 246507?
False
Is 12528 a multiple of 24?
True
Is 135 a factor of 12420?
True
Is 35 a factor of 405387?
False
Is 52 a factor of 31304?
True
Is 182 a factor of 2556008?
True
Does 831 divide 3245175?
False
Is 199700 a multiple of 5?
True
Is 30 a factor of 159033?
False
Is 345 a factor of 1692266?
False
Is 409 a factor of 1658904?
True
Is 720563 a multiple of 14?
False
Is 553 a factor of 1737946?
False
Is 19 a factor of 343216?
True
Is 330990 a multiple of 170?
True
Is 1519 a factor of 9552422?
False
Is 13 a factor of 3768843?
True
Is 7 a factor of 57769?
False
Is 124 a factor of 75764?
True
Is 38 a factor of 657395?
False
Does 18 divide 34525?
False
Is 383977 a multiple of 67?
True
Does 14 divide 11144?
True
Does 86 divide 65680?
False
Is 14428033 a multiple of 19?
False
Is 298 a factor of 289954?
True
Is 852240 a multiple of 402?
True
Is 193604 a multiple of 10?
False
Is 17 a factor of 49103?
False
Is 112 a factor of 229600?
True
Is 7 a factor of 8105480?
False
Is 7 a factor of 306775?
True
Does 569 divide 3796566?
False
Does 1145 divide 7425325?
True
Is 9 a factor of 1249620?
False
Is 16 a factor of 1765?
False
Is 18 a factor of 12006?
True
Is 39 a factor of 71526?
True
Is 33061 a multiple of 7?
True
Does 43 divide 361604?
False
Is 219778 a multiple of 15?
False
Is 1145916 a multiple of 9?
True
Does 389 divide 334929?
True
Is 14 a factor of 578907?
False
Does 20 divide 169900?
True
Is 525 a factor of 42525?
True
Is 144836 a multiple of 166?
False
Is 6 a factor of 3115866?
True
Is 670595 a multiple of 71?
True
Does 992 divide 1793536?
True
Is 26 a factor of 977454?
False
Does 13 divide 8119943?
True
Does 66 divide 115302?
True
Does 2 divide 108242?
True
Is 90 a factor of 39451?
False
Is 224 a factor of 1373585?
False
Is 8 a factor of 164032?
True
Does 765 divide 504900?
True
Does 855 divide 1920330?
True
Does 25 divide 4068380?
False
Does 859 divide 1333168?
True
Is 1051256 a multiple of 1324?
True
Is 83080 a multiple of 8?
True
Is 189 a factor of 172409?
False
Is 3883825 a multiple of 55?
True
Is 38 a factor of 18176276?
False
Is 8 a factor of 87216?
True
Is 423 a factor of 1127712?
False
Does 86 divide 50912?
True
Is 98 a factor of 1625277?
False
Is 29988 a multiple of 42?
True
Is 36654 a multiple of 3?
True
Does 14 divide 9183888?
True
Does 117 divide 1994031?
True
Is 296593 a multiple of 12?
False
Is 9514180 a multiple of 1495?
True
Is 276523 a multiple of 171?
False
Is 31 a factor of 16095?
False
Is 195724 a multiple of 167?
True
Is 6832 a multiple of 112?
True
Does 47 divide 2689824?
False
Is 14884006 a multiple of 199?
True
Is 72 a factor of 392808?
False
Is 12 a factor of 1801622?
False
Is 6994890 a multiple of 10?
True
Is 53809 a multiple of 72?
False
Is 588 a factor of 618576?
True
Is 10384785 a multiple of 9?
True
Is 285 a factor of 124214?
False
Does 42 divide 5525849?
False
Is 1038 a factor of 17882664?
True
Does 18 divide 579780?
True
Does 674 divide 654190?
False
Is 175 a factor of 245000?
True
Does 156 divide 244510?
False
Is 4861003 a multiple of 22?
False
Is 53 a factor of 1264982?
False
Is 165 a factor of 489390?
True
Is 3374400 a multiple of 1425?
True
Is 32804226 a multiple of 39?
True
Does 29 divide 1947002?
True
Is 58 a factor of 12211568?
False
Is 211 a factor of 1179748?
False
Is 508530 a multiple of 66?
True
Is 2032403 a multiple of 14?
False
Is 121669 a multiple of 106?
False
Is 74449 a multiple of 159?
False
Is 655200 a multiple of 400?
True
Does 2008 divide 4813176?
True
Does 228 divide 424987?
False
Is 261098 a multiple of 13?
False
Is 11 a factor of 62018?
True
Does 304 divide 2013489?
False
Is 890851 a multiple of 45?
False
Is 29 a factor of 705460?
False
Is 242 a factor of 55516?
False
Does 24 divide 14216952?
True
Is 1566072 a multiple of 6?
True
Does 51 divide 464406?
True
Is 146068 a multiple of 93?
False
Is 7 a factor of 8151395?
True
Is 9423257 a multiple of 10?
False
Is 24 a factor of 51912?
True
Is 110981 a multiple of 23?
False
Is 202446 a multiple of 54?
True
Does 454 divide 204821?
False
Is 95344 a multiple of 497?
False
Is 75447 a multiple of 101?
True
Is 656868 a multiple of 129?
True
Does 12 divide 22287?
False
Is 104 a factor of 169312?
True
Is 15 a factor of 48645?
True
Is 48594 a multiple of 91?
True
Is 8 a factor of 172528?
True
Is 40618 a multiple of 18?
False
Is 1995 a factor of 19435290?
True
Is 7 a factor of 49945?
True
Is 426 a factor of 1166990?
False
Does 4 divide 246736?
True
Does 10 divide 21510?
True
Is 3013812 a multiple of 9?
True
Does 19 divide 208183?
True
Is 552304 a multiple of 16?
True
Is 61776 a multiple of 19?
False
Does 521 divide 3923651?
True
Is 14004093 a multiple of 14?
False
Is 32004 a multiple of 12?
True
Is 2163530 a multiple of 5?
True
Is 15 a factor of 106963?
False
Does 20 divide 5026602?
False
Is 81670 a multiple of 5?
True
Is 6368015 a multiple of 213?
False
Is 21 a factor of 528000?
False
Does 44 divide 17204?
True
Is 106080 a multiple of 39?
True
Is 3744473 a multiple of 30?
False
Does 7 divide 162209?
False
Is 53117 a multiple of 4?
False
Does 63 divide 2521638?
True
Is 49539 a multiple of 147?
True
Does 16 divide 10966416?
True
Is 109 a factor of 3712976?
True
Is 1825902 a multiple of 243?
True
Is 34992 a multiple of 108?
True
Is 84 a factor of 295344?
True
Is 443 a factor of 5315100?
False
Is 1404744 a multiple of 204?
True
Is 13 a factor of 4772?
False
Is 21 a factor of 6489?
True
Does 11 divide 9041912?
True
Is 23 a factor of 2011971?
True
Does 8 divide 118824?
True
Is 3509663 a multiple of 326?
False
Is 23 a factor of 445050?
True
Is 4 a factor of 103696?
True
Is 62532 a multiple of 36?
True
Is 627845 a multiple of 27?
False
Is 23 a factor of 108054?
True
Does 69 divide 83903?
False
Is 5759046 a multiple of 53?
False
Does 484 divide 1779668?
True
Is 7 a factor of 192037?
False
Does 82 divide 1310980?
False
Does 258 divide 213371?
False
Does 7 divide 15352?
False
Is 542 a factor of 395792?
False
Is 386399 a multiple of 388?
False
Does 70 divide 2847549?
False
Does 50 divide 7881850?
True
Is 113480 a multiple of 31?
False
Does 132 divide 44880?
True
Is 5607 a multiple of 22?
False
Does 52 divide 1049256?
True
Is 64 a factor of 3766590?
False
Is 3 a factor of 209157?
True
Is 5 a factor of 160605?
True
Does 1148 divide 2271892?
True
Is 166 a factor of 28648280?
True
Is 1711195 a multiple of 28?
False
Is 290 a factor of 173420?
True
Does 9 divide 1273332?
False
Is 12 a factor of 30864?
True
Does 15 divide 331059?
False
Is 73 a factor of 81014?
False
Is 10 a factor of 2600928?
False
Is 345708 a multiple of 18?
True
Is 4321160 a multiple of 29?
False
Is 249438 a multiple of 42?
True
Does 120 divide 50040?
True
Is 3457828 a multiple of 57?
False
Is 89972 a multiple of 32?
False
Does 24 divide 56896?
False
Is 404772 a multiple of 267?
True
Does 3 divide 66576?
True
Does 3 divide 2088?
True
Is 2 a factor of 59685?
False
Is 6 a factor of 232848?
True
Is 229633 a multiple of 115?
False
Is 327113 a multiple of 1801?
False
Is 23 a factor of 140162?
True
Is 97580 a multiple of 34?
True
Does 4 divide 66080?
True
Is 5349699 a multiple of 1041?
True
Is 501152 a multiple of 40?
False
Is 149 a factor of 59004?
True
Is 1061170 a multiple of 17?
False
Is 658 a factor of 1746163?
False
Is 1394 a facto